{"id":11,"date":"2026-03-24T11:52:06","date_gmt":"2026-03-24T11:52:06","guid":{"rendered":"https:\/\/urboowfb.com\/?page_id=11"},"modified":"2026-03-25T12:42:50","modified_gmt":"2026-03-25T12:42:50","slug":"envios_devolucoes","status":"publish","type":"page","link":"https:\/\/urboowhome.com\/index.php\/envios_devolucoes\/","title":{"rendered":"Informa\u00e7\u00e3o de Envios e Devolu\u00e7\u00f5es"},"content":{"rendered":"\t\t<div data-elementor-type=\"wp-page\" data-elementor-id=\"11\" class=\"elementor elementor-11\">\n\t\t\t\t<div class=\"elementor-element elementor-element-21878d6c e-flex e-con-boxed e-con e-parent\" data-id=\"21878d6c\" data-element_type=\"container\">\n\t\t\t\t\t<div class=\"e-con-inner\">\n\t\t\t\t<div class=\"elementor-element elementor-element-5fe59646 elementor-widget elementor-widget-text-editor\" data-id=\"5fe59646\" data-element_type=\"widget\" data-widget_type=\"text-editor.default\">\n\t\t\t\t\t\t\t\t\t<h2 class=\"wp-block-heading\">Informa\u00e7\u00e3o de Envios e Devolu\u00e7\u00f5es<\/h2>\n<p><!-- \/wp:heading --><!-- wp:heading --><\/p>\n<h2 class=\"wp-block-heading\">Envios<\/h2>\n<p><!-- \/wp:heading --><!-- wp:paragraph --><\/p>\n<p>As encomendas s\u00e3o processadas ap\u00f3s confirma\u00e7\u00e3o de pagamento.<\/p>\n<p><!-- \/wp:paragraph --><!-- wp:paragraph --><\/p>\n<h5><b>Prazos de entrega:<\/b><\/h5>\n<p><!-- \/wp:paragraph --><!-- wp:list --><\/p>\n<ul class=\"wp-block-list\">\n<li style=\"list-style-type: none;\">\n<ul class=\"wp-block-list\"><!-- wp:list-item --><\/ul>\n<\/li>\n<\/ul>\n<ul class=\"wp-block-list\">\n<li style=\"list-style-type: none;\"><br \/>\n<ul class=\"wp-block-list\">\n<li>Portugal Continental: 10 a 12 dias \u00fateis<\/li>\n<\/ul>\n<\/li>\n<\/ul>\n<div>\u00a0<\/div>\n<p>De forma geral, as encomendas s\u00e3o entregues entre <strong>10 a 12 dias \u00fateis<\/strong> ap\u00f3s confirma\u00e7\u00e3o de pagamento.\u00a0<\/p>\n<p class=\"isSelectedEnd\">Os prazos de entrega s\u00e3o estimados e podem variar consoante a disponibilidade de stock e localiza\u00e7\u00e3o do cliente.<\/p>\n<p><!-- \/wp:list-item --><\/p>\n<p><!-- \/wp:list --><!-- wp:paragraph --><\/p>\n<p>Os prazos podem variar em per\u00edodos promocionais ou por motivos alheios \u00e0 nossa responsabilidade.<\/p>\n<p><!-- \/wp:paragraph --><!-- wp:paragraph --><\/p>\n<h5><b>Custos de envio:<\/b><\/h5>\n<p>Os custos de envio s\u00e3o calculados no checkout, antes da finaliza\u00e7\u00e3o da compra.<\/p>\n<p>EM COMPRAS SUPERIORES A 250\u20ac OS PORTES S\u00c3O GRATUITOS<\/p>\n<p><!-- \/wp:paragraph --><!-- wp:heading --><\/p>\n<h2 class=\"wp-block-heading\">Devolu\u00e7\u00f5es<\/h2>\n<p><!-- \/wp:heading --><!-- wp:paragraph --><\/p>\n<p><!-- \/wp:paragraph --><!-- wp:paragraph --><\/p>\n<p>Nos termos da legisla\u00e7\u00e3o em vigor, o cliente disp\u00f5e de um prazo de <strong>14 dias<\/strong> ap\u00f3s a rece\u00e7\u00e3o da encomenda para exercer o direito de livre resolu\u00e7\u00e3o.<\/p>\n<p><!-- \/wp:paragraph --><!-- wp:paragraph --><\/p>\n<h5>Para efetuar uma <b>devolu\u00e7\u00e3o<\/b>, deve:<\/h5>\n<p><!-- \/wp:paragraph --><!-- wp:list {\"ordered\":true,\"start\":1} --><\/p>\n<ol class=\"wp-block-list\" start=\"1\">\n<li style=\"list-style-type: none;\">\n<ol class=\"wp-block-list\" start=\"1\"><!-- wp:list-item --><\/ol>\n<\/li>\n<\/ol>\n<ol class=\"wp-block-list\" start=\"1\">\n<li>Contactar-nos atrav\u00e9s do email: <a href=\"mailto:geral@urboowhome.com\">geral@urboowhome.com<\/a><\/li>\n<li>Indicar o <strong>n\u00famero<\/strong> da encomenda<\/li>\n<li>Aguardar instru\u00e7\u00f5es<\/li>\n<\/ol>\n<h5><strong>Condi\u00e7\u00f5es de devolu\u00e7\u00e3o:<\/strong><\/h5>\n<p><!-- \/wp:paragraph --><!-- wp:list --><\/p>\n<ul class=\"wp-block-list\">\n<li style=\"list-style-type: none;\">\n<ul class=\"wp-block-list\"><!-- wp:list-item --><\/ul>\n<\/li>\n<\/ul>\n<ul class=\"wp-block-list\">\n<li style=\"list-style-type: none;\">\n<ul class=\"wp-block-list\">\n<li>O produto deve estar em perfeito estado<\/li>\n<\/ul>\n<\/li>\n<\/ul>\n<p><!-- \/wp:list-item --><!-- wp:list-item --><\/p>\n<ul class=\"wp-block-list\">\n<li style=\"list-style-type: none;\">\n<ul class=\"wp-block-list\">\n<li>Sem sinais de uso<\/li>\n<\/ul>\n<\/li>\n<\/ul>\n<p><!-- \/wp:list-item --><!-- wp:list-item --><\/p>\n<ul class=\"wp-block-list\">\n<li style=\"list-style-type: none;\">\n<ul class=\"wp-block-list\">\n<li>Na embalagem original<\/li>\n<\/ul>\n<\/li>\n<\/ul>\n<p><!-- \/wp:list-item --><\/p>\n<p><!-- \/wp:list --><!-- wp:paragraph --><\/p>\n<p><!-- \/wp:paragraph --><!-- wp:paragraph --><\/p>\n<p>\u00a0<\/p>\n<h5><strong>Custos de devolu\u00e7\u00e3o:<\/strong><\/h5>\n<p>Salvo indica\u00e7\u00e3o em contr\u00e1rio, os custos de devolu\u00e7\u00e3o s\u00e3o suportados pelo cliente.<\/p>\n<p><!-- \/wp:paragraph --><!-- wp:paragraph --><\/p>\n<p>O reembolso ser\u00e1 efetuado ap\u00f3s A rece\u00e7\u00e3o e verifica\u00e7\u00e3o do produto.<span style=\"color: #000000; font-size: 1.75rem;\">\u00a0<\/span><\/p>\n<p><!-- \/wp:heading --><!-- wp:heading --><\/p>\n<h2 class=\"wp-block-heading\">Precisa de mais ajuda?<\/h2>\n<p><!-- \/wp:heading --><!-- wp:paragraph --><\/p>\n<p>Contacte-nos atrav\u00e9s do n\u00famero\u00a0<mark class=\"has-inline-color has-vivid-cyan-blue-color\" style=\"background-color: rgba(0, 0, 0, 0);\">232 817 614<\/mark>\u00a0ou envie-nos um email para\u00a0<mark class=\"has-inline-color has-vivid-cyan-blue-color\" style=\"background-color: rgba(0, 0, 0, 0);\">geral@urboowhome.com<\/mark>\u00a0com o assunto em quest\u00e3o.<\/p>\n<p>\u00a0<\/p>\n<p>\u00a0<\/p>\n<p><!-- \/wp:paragraph --><!-- wp:paragraph --><\/p>\n<p><!-- \/wp:paragraph --><\/p>\t\t\t\t\t\t\t\t<\/div>\n\t\t\t\t\t<\/div>\n\t\t\t\t<\/div>\n\t\t\t\t<\/div>\n\t\t","protected":false},"excerpt":{"rendered":"<p>Informa\u00e7\u00e3o de Envios e Devolu\u00e7\u00f5es Envios As encomendas s\u00e3o processadas ap\u00f3s confirma\u00e7\u00e3o de pagamento. Prazos de entrega: Portugal Continental: 10 a 12 dias \u00fateis \u00a0 De forma geral, as encomendas s\u00e3o entregues entre 10 a 12 dias \u00fateis ap\u00f3s confirma\u00e7\u00e3o de pagamento.\u00a0 Os prazos de entrega s\u00e3o estimados e podem variar consoante a disponibilidade de [&hellip;]<\/p>\n","protected":false},"author":1,"featured_media":0,"parent":0,"menu_order":0,"comment_status":"closed","ping_status":"closed","template":"","meta":{"footnotes":""},"class_list":["post-11","page","type-page","status-publish","hentry"],"_links":{"self":[{"href":"https:\/\/urboowhome.com\/index.php\/wp-json\/wp\/v2\/pages\/11","targetHints":{"allow":["GET"]}}],"collection":[{"href":"https:\/\/urboowhome.com\/index.php\/wp-json\/wp\/v2\/pages"}],"about":[{"href":"https:\/\/urboowhome.com\/index.php\/wp-json\/wp\/v2\/types\/page"}],"author":[{"embeddable":true,"href":"https:\/\/urboowhome.com\/index.php\/wp-json\/wp\/v2\/users\/1"}],"replies":[{"embeddable":true,"href":"https:\/\/urboowhome.com\/index.php\/wp-json\/wp\/v2\/comments?post=11"}],"version-history":[{"count":68,"href":"https:\/\/urboowhome.com\/index.php\/wp-json\/wp\/v2\/pages\/11\/revisions"}],"predecessor-version":[{"id":69527,"href":"https:\/\/urboowhome.com\/index.php\/wp-json\/wp\/v2\/pages\/11\/revisions\/69527"}],"wp:attachment":[{"href":"https:\/\/urboowhome.com\/index.php\/wp-json\/wp\/v2\/media?parent=11"}],"curies":[{"name":"wp","href":"https:\/\/api.w.org\/{rel}","templated":true}]}}