{"id":69493,"date":"2026-03-24T17:02:18","date_gmt":"2026-03-24T17:02:18","guid":{"rendered":"https:\/\/urboowhome.com\/?page_id=69493"},"modified":"2026-03-25T12:49:52","modified_gmt":"2026-03-25T12:49:52","slug":"sobre_nos","status":"publish","type":"page","link":"https:\/\/urboowhome.com\/index.php\/sobre_nos\/","title":{"rendered":"A Empresa"},"content":{"rendered":"\t\t<div data-elementor-type=\"wp-page\" data-elementor-id=\"69493\" class=\"elementor elementor-69493\">\n\t\t\t\t<div class=\"elementor-element elementor-element-b59a638 e-flex e-con-boxed e-con e-parent\" data-id=\"b59a638\" data-element_type=\"container\">\n\t\t\t\t\t<div class=\"e-con-inner\">\n\t\t\t\t<div class=\"elementor-element elementor-element-60095f1 elementor-widget elementor-widget-spacer\" data-id=\"60095f1\" data-element_type=\"widget\" data-widget_type=\"spacer.default\">\n\t\t\t\t\t\t\t<div class=\"elementor-spacer\">\n\t\t\t<div class=\"elementor-spacer-inner\"><\/div>\n\t\t<\/div>\n\t\t\t\t\t\t<\/div>\n\t\t\t\t\t<\/div>\n\t\t\t\t<\/div>\n\t\t<div class=\"elementor-element elementor-element-d27acba e-flex e-con-boxed e-con e-parent\" data-id=\"d27acba\" data-element_type=\"container\">\n\t\t\t\t\t<div class=\"e-con-inner\">\n\t\t\t\t<div class=\"elementor-element elementor-element-e70fe44 elementor-widget elementor-widget-heading\" data-id=\"e70fe44\" data-element_type=\"widget\" data-widget_type=\"heading.default\">\n\t\t\t\t\t<h2 class=\"elementor-heading-title elementor-size-default\">A Empresa<\/h2>\t\t\t\t<\/div>\n\t\t\t\t\t<\/div>\n\t\t\t\t<\/div>\n\t\t<div class=\"elementor-element elementor-element-dd5f927 e-flex e-con-boxed e-con e-parent\" data-id=\"dd5f927\" data-element_type=\"container\">\n\t\t\t\t\t<div class=\"e-con-inner\">\n\t\t\t\t<div class=\"elementor-element elementor-element-9684f79 elementor-widget elementor-widget-spacer\" data-id=\"9684f79\" data-element_type=\"widget\" data-widget_type=\"spacer.default\">\n\t\t\t\t\t\t\t<div class=\"elementor-spacer\">\n\t\t\t<div class=\"elementor-spacer-inner\"><\/div>\n\t\t<\/div>\n\t\t\t\t\t\t<\/div>\n\t\t\t\t<div class=\"elementor-element elementor-element-7654483 elementor-widget elementor-widget-text-editor\" data-id=\"7654483\" data-element_type=\"widget\" data-widget_type=\"text-editor.default\">\n\t\t\t\t\t\t\t\t\t<p>A Urboow Home dedica-se a oferecer produtos de ilumina\u00e7\u00e3o premium, conjugando, sempre, a eleg\u00e2ncia com a sofistica\u00e7\u00e3o, proporcionando produtos \u00fanicos.<\/p><p>A singularidade e autenticidade ilustrada na Urboow Home traduz-se num servi\u00e7o de excel\u00eancia, com produtos de ilumina\u00e7\u00e3o de alta qualidade para cada necessidade.<\/p>\t\t\t\t\t\t\t\t<\/div>\n\t\t\t\t<div class=\"elementor-element elementor-element-2183859 elementor-widget elementor-widget-spacer\" data-id=\"2183859\" data-element_type=\"widget\" data-widget_type=\"spacer.default\">\n\t\t\t\t\t\t\t<div class=\"elementor-spacer\">\n\t\t\t<div class=\"elementor-spacer-inner\"><\/div>\n\t\t<\/div>\n\t\t\t\t\t\t<\/div>\n\t\t\t\t\t<\/div>\n\t\t\t\t<\/div>\n\t\t<div class=\"elementor-element elementor-element-dd46d62 e-flex e-con-boxed e-con e-parent\" data-id=\"dd46d62\" data-element_type=\"container\">\n\t\t\t\t\t<div class=\"e-con-inner\">\n\t\t\t\t<div class=\"elementor-element elementor-element-d4845ac elementor-widget elementor-widget-spacer\" data-id=\"d4845ac\" data-element_type=\"widget\" data-widget_type=\"spacer.default\">\n\t\t\t\t\t\t\t<div class=\"elementor-spacer\">\n\t\t\t<div class=\"elementor-spacer-inner\"><\/div>\n\t\t<\/div>\n\t\t\t\t\t\t<\/div>\n\t\t<div class=\"elementor-element elementor-element-1cf03a0 e-grid e-con-full e-con e-child\" data-id=\"1cf03a0\" data-element_type=\"container\">\n\t\t\t\t<div class=\"elementor-element elementor-element-0e51750 elementor-widget elementor-widget-text-editor\" data-id=\"0e51750\" data-element_type=\"widget\" data-widget_type=\"text-editor.default\">\n\t\t\t\t\t\t\t\t\t<h3 style=\"font-family: sans-serif; color: #000000; text-align: justify;\">Identifica\u00e7\u00e3o da Empresa<\/h3><p style=\"color: #000000; text-align: justify;\">A presente loja online \u00e9 operada por:<\/p><p style=\"color: #000000; text-align: justify;\">Nome da empresa:\u00a0URBOOW HOME<\/p><p style=\"color: #000000; text-align: justify;\">NIF:\u00a0515930105<\/p><p style=\"color: #000000; text-align: justify;\">Morada:\u00a0Zona Industrial da Adi\u00e7a Lt5,<br \/>3460-321 Mouraz, Tondela<\/p><p style=\"color: #000000; text-align: justify;\">Email:\u00a0<a style=\"color: #000000; transition-property: all;\" href=\"https:\/\/urboowhome.com\/index.php\/termos_condicoes\/geral@urboowhome.com\">geral@urboowhome.com<\/a><\/p><p style=\"color: #000000; text-align: justify;\">Telefone:\u00a0<a style=\"color: #000000; transition-property: all;\" href=\"http:\/\/+351%20232%20817%20614\/\">+351 232 817 614<\/a><\/p>\t\t\t\t\t\t\t\t<\/div>\n\t\t\t\t<div class=\"elementor-element elementor-element-fdfebdf elementor-widget elementor-widget-image\" data-id=\"fdfebdf\" data-element_type=\"widget\" data-widget_type=\"image.default\">\n\t\t\t\t\t\t\t\t\t\t\t\t\t\t\t<img fetchpriority=\"high\" decoding=\"async\" width=\"597\" height=\"249\" src=\"https:\/\/urboowhome.com\/wp-content\/uploads\/2026\/02\/Urboow-Home-Living.png\" class=\"attachment-medium_large size-medium_large wp-image-69305\" alt=\"\" \/>\t\t\t\t\t\t\t\t\t\t\t\t\t\t\t<\/div>\n\t\t\t\t<div class=\"elementor-element elementor-element-291a356 elementor-widget elementor-widget-spacer\" data-id=\"291a356\" data-element_type=\"widget\" data-widget_type=\"spacer.default\">\n\t\t\t\t\t\t\t<div class=\"elementor-spacer\">\n\t\t\t<div class=\"elementor-spacer-inner\"><\/div>\n\t\t<\/div>\n\t\t\t\t\t\t<\/div>\n\t\t\t\t<\/div>\n\t\t\t\t\t<\/div>\n\t\t\t\t<\/div>\n\t\t\t\t<\/div>\n\t\t","protected":false},"excerpt":{"rendered":"<p>A Empresa A Urboow Home dedica-se a oferecer produtos de ilumina\u00e7\u00e3o premium, conjugando, sempre, a eleg\u00e2ncia com a sofistica\u00e7\u00e3o, proporcionando produtos \u00fanicos. A singularidade e autenticidade ilustrada na Urboow Home traduz-se num servi\u00e7o de excel\u00eancia, com produtos de ilumina\u00e7\u00e3o de alta qualidade para cada necessidade. Identifica\u00e7\u00e3o da Empresa A presente loja online \u00e9 operada por: [&hellip;]<\/p>\n","protected":false},"author":1,"featured_media":0,"parent":0,"menu_order":0,"comment_status":"closed","ping_status":"closed","template":"page-templates\/homepage.php","meta":{"footnotes":""},"class_list":["post-69493","page","type-page","status-publish","hentry"],"_links":{"self":[{"href":"https:\/\/urboowhome.com\/index.php\/wp-json\/wp\/v2\/pages\/69493","targetHints":{"allow":["GET"]}}],"collection":[{"href":"https:\/\/urboowhome.com\/index.php\/wp-json\/wp\/v2\/pages"}],"about":[{"href":"https:\/\/urboowhome.com\/index.php\/wp-json\/wp\/v2\/types\/page"}],"author":[{"embeddable":true,"href":"https:\/\/urboowhome.com\/index.php\/wp-json\/wp\/v2\/users\/1"}],"replies":[{"embeddable":true,"href":"https:\/\/urboowhome.com\/index.php\/wp-json\/wp\/v2\/comments?post=69493"}],"version-history":[{"count":26,"href":"https:\/\/urboowhome.com\/index.php\/wp-json\/wp\/v2\/pages\/69493\/revisions"}],"predecessor-version":[{"id":69542,"href":"https:\/\/urboowhome.com\/index.php\/wp-json\/wp\/v2\/pages\/69493\/revisions\/69542"}],"wp:attachment":[{"href":"https:\/\/urboowhome.com\/index.php\/wp-json\/wp\/v2\/media?parent=69493"}],"curies":[{"name":"wp","href":"https:\/\/api.w.org\/{rel}","templated":true}]}}