{"id":66733,"date":"2025-08-07T13:28:44","date_gmt":"2025-08-07T13:28:44","guid":{"rendered":"https:\/\/urboowfb.com\/index.php\/produto\/angle-e27-2\/"},"modified":"2026-03-23T17:27:16","modified_gmt":"2026-03-23T17:27:16","slug":"angle-e27-2","status":"publish","type":"product","link":"https:\/\/urboowhome.com\/index.php\/produto\/angle-e27-2\/","title":{"rendered":"Angle E27"},"content":{"rendered":"","protected":false},"excerpt":{"rendered":"<p>Angle \u00e9 uma ilumina\u00e7\u00e3o contempor\u00e2nea e exclusiva com um aspeto industrial. A carater\u00edstica especial deste candeeiro \u00e9 a capacidade de determinar a dire\u00e7\u00e3o da luz atrav\u00e9s do \u00edman montado no cabo. O candeeiro fica muito bem em grupos de v\u00e1rias unidades com \u00e2ngulos diferentes. Cria uma express\u00e3o deslumbrante e acrescenta um pouco de ambiente a qualquer divis\u00e3o. Concebido por Maria Berntsen<\/p>\n<p>O candeeiro Angle black \u00e9 muito moderno e tem muitas utiliza\u00e7\u00f5es &#8211; por exemplo, pode ser utilizado para iluminar o canto de leitura ou na cozinha, onde a luz pode ser direcionada para onde a necessidade \u00e9 particularmente grande.a<\/p>\n","protected":false},"featured_media":66732,"comment_status":"open","ping_status":"closed","template":"","meta":[],"product_brand":[],"product_cat":[115],"product_tag":[125,131],"class_list":{"0":"post-66733","1":"product","2":"type-product","3":"status-publish","4":"has-post-thumbnail","6":"product_cat-pendentes","7":"product_tag-angle","8":"product_tag-e27","11":"first","12":"instock","13":"featured","14":"shipping-taxable","15":"purchasable","16":"product-type-simple"},"_links":{"self":[{"href":"https:\/\/urboowhome.com\/index.php\/wp-json\/wp\/v2\/product\/66733","targetHints":{"allow":["GET"]}}],"collection":[{"href":"https:\/\/urboowhome.com\/index.php\/wp-json\/wp\/v2\/product"}],"about":[{"href":"https:\/\/urboowhome.com\/index.php\/wp-json\/wp\/v2\/types\/product"}],"replies":[{"embeddable":true,"href":"https:\/\/urboowhome.com\/index.php\/wp-json\/wp\/v2\/comments?post=66733"}],"wp:featuredmedia":[{"embeddable":true,"href":"https:\/\/urboowhome.com\/index.php\/wp-json\/wp\/v2\/media\/66732"}],"wp:attachment":[{"href":"https:\/\/urboowhome.com\/index.php\/wp-json\/wp\/v2\/media?parent=66733"}],"wp:term":[{"taxonomy":"product_brand","embeddable":true,"href":"https:\/\/urboowhome.com\/index.php\/wp-json\/wp\/v2\/product_brand?post=66733"},{"taxonomy":"product_cat","embeddable":true,"href":"https:\/\/urboowhome.com\/index.php\/wp-json\/wp\/v2\/product_cat?post=66733"},{"taxonomy":"product_tag","embeddable":true,"href":"https:\/\/urboowhome.com\/index.php\/wp-json\/wp\/v2\/product_tag?post=66733"}],"curies":[{"name":"wp","href":"https:\/\/api.w.org\/{rel}","templated":true}]}}