{"id":66871,"date":"2025-08-07T13:34:37","date_gmt":"2025-08-07T13:34:37","guid":{"rendered":"https:\/\/urboowfb.com\/index.php\/produto\/perfil-de-aluminio-u-superficie-12v-24v-2-metros\/"},"modified":"2026-03-23T17:27:20","modified_gmt":"2026-03-23T17:27:20","slug":"perfil-de-aluminio-u-superficie-12v-24v-2-metros","status":"publish","type":"product","link":"https:\/\/urboowhome.com\/index.php\/produto\/perfil-de-aluminio-u-superficie-12v-24v-2-metros\/","title":{"rendered":"Perfil de Aluminio U Superficie 12V\/24V 2 metros"},"content":{"rendered":"","protected":false},"excerpt":{"rendered":"<p>Uma boa dissipa\u00e7\u00e3o do calor produzido \u00e9 essencial para a manuten\u00e7\u00e3o da vida \u00fatil da fita LED.<br \/>\nOs nossos perfis em alum\u00ednio extrudido e perfil opalino s\u00e3o a melhor solu\u00e7\u00e3o para uma garantia assegurada.<br \/>\nA fonte de alimenta\u00e7\u00e3o complementa na perfei\u00e7\u00e3o uma fita de qualidade superior, com solu\u00e7\u00f5es para ambientes normais e h\u00famidos.<\/p>\n","protected":false},"featured_media":66870,"comment_status":"open","ping_status":"closed","template":"","meta":[],"product_brand":[],"product_cat":[155],"product_tag":[],"class_list":{"0":"post-66871","1":"product","2":"type-product","3":"status-publish","4":"has-post-thumbnail","6":"product_cat-fita-led","9":"first","10":"instock","11":"shipping-taxable","12":"purchasable","13":"product-type-simple"},"_links":{"self":[{"href":"https:\/\/urboowhome.com\/index.php\/wp-json\/wp\/v2\/product\/66871","targetHints":{"allow":["GET"]}}],"collection":[{"href":"https:\/\/urboowhome.com\/index.php\/wp-json\/wp\/v2\/product"}],"about":[{"href":"https:\/\/urboowhome.com\/index.php\/wp-json\/wp\/v2\/types\/product"}],"replies":[{"embeddable":true,"href":"https:\/\/urboowhome.com\/index.php\/wp-json\/wp\/v2\/comments?post=66871"}],"wp:featuredmedia":[{"embeddable":true,"href":"https:\/\/urboowhome.com\/index.php\/wp-json\/wp\/v2\/media\/66870"}],"wp:attachment":[{"href":"https:\/\/urboowhome.com\/index.php\/wp-json\/wp\/v2\/media?parent=66871"}],"wp:term":[{"taxonomy":"product_brand","embeddable":true,"href":"https:\/\/urboowhome.com\/index.php\/wp-json\/wp\/v2\/product_brand?post=66871"},{"taxonomy":"product_cat","embeddable":true,"href":"https:\/\/urboowhome.com\/index.php\/wp-json\/wp\/v2\/product_cat?post=66871"},{"taxonomy":"product_tag","embeddable":true,"href":"https:\/\/urboowhome.com\/index.php\/wp-json\/wp\/v2\/product_tag?post=66871"}],"curies":[{"name":"wp","href":"https:\/\/api.w.org\/{rel}","templated":true}]}}