{"id":66883,"date":"2025-08-07T13:35:03","date_gmt":"2025-08-07T13:35:03","guid":{"rendered":"https:\/\/urboowfb.com\/index.php\/produto\/versatis-rs\/"},"modified":"2026-03-23T17:27:20","modified_gmt":"2026-03-23T17:27:20","slug":"versatis-rs","status":"publish","type":"product","link":"https:\/\/urboowhome.com\/index.php\/produto\/versatis-rs\/","title":{"rendered":"Versatis-RS"},"content":{"rendered":"","protected":false},"excerpt":{"rendered":"<p>Uma solu\u00e7\u00e3o h\u00edbrida entre o encastramento e a superf\u00edcie. Semi-encastrado e completamente ajust\u00e1vel, o equipamento Versatis consegue transformar qualquer espa\u00e7o conferindo-lhe ambiente e design, imbu\u00eddos na contemporaneidade.<\/p>\n","protected":false},"featured_media":66882,"comment_status":"open","ping_status":"closed","template":"","meta":[],"product_brand":[],"product_cat":[156],"product_tag":[],"class_list":{"0":"post-66883","1":"product","2":"type-product","3":"status-publish","4":"has-post-thumbnail","6":"product_cat-embutido","9":"first","10":"instock","11":"shipping-taxable","12":"purchasable","13":"product-type-simple"},"_links":{"self":[{"href":"https:\/\/urboowhome.com\/index.php\/wp-json\/wp\/v2\/product\/66883","targetHints":{"allow":["GET"]}}],"collection":[{"href":"https:\/\/urboowhome.com\/index.php\/wp-json\/wp\/v2\/product"}],"about":[{"href":"https:\/\/urboowhome.com\/index.php\/wp-json\/wp\/v2\/types\/product"}],"replies":[{"embeddable":true,"href":"https:\/\/urboowhome.com\/index.php\/wp-json\/wp\/v2\/comments?post=66883"}],"wp:featuredmedia":[{"embeddable":true,"href":"https:\/\/urboowhome.com\/index.php\/wp-json\/wp\/v2\/media\/66882"}],"wp:attachment":[{"href":"https:\/\/urboowhome.com\/index.php\/wp-json\/wp\/v2\/media?parent=66883"}],"wp:term":[{"taxonomy":"product_brand","embeddable":true,"href":"https:\/\/urboowhome.com\/index.php\/wp-json\/wp\/v2\/product_brand?post=66883"},{"taxonomy":"product_cat","embeddable":true,"href":"https:\/\/urboowhome.com\/index.php\/wp-json\/wp\/v2\/product_cat?post=66883"},{"taxonomy":"product_tag","embeddable":true,"href":"https:\/\/urboowhome.com\/index.php\/wp-json\/wp\/v2\/product_tag?post=66883"}],"curies":[{"name":"wp","href":"https:\/\/api.w.org\/{rel}","templated":true}]}}