{"id":66962,"date":"2025-08-07T13:36:36","date_gmt":"2025-08-07T13:36:36","guid":{"rendered":"https:\/\/urboowfb.com\/index.php\/produto\/mine-pc-space-2l\/"},"modified":"2026-03-23T17:27:22","modified_gmt":"2026-03-23T17:27:22","slug":"mine-pc-space-2l","status":"publish","type":"product","link":"https:\/\/urboowhome.com\/index.php\/produto\/mine-pc-space-2l\/","title":{"rendered":"MINE PC SPACE 2L"},"content":{"rendered":"","protected":false},"excerpt":{"rendered":"<p>Pendente branco de duas luzes desenhado por Nahtrang com estrutura met\u00e1lica e difusor em policarbonato. O material e a luz que flui pelo difusor trazem calor e conforto \u00e0 sua casa. Este pendente de design \u00e9 vers\u00e1til e personaliz\u00e1vel, gra\u00e7as ao acess\u00f3rio gancho, pode colocar a luz onde precisar. Pelas suas possibilidades, \u00e9 ideal para iluminar espa\u00e7os contratuais, mas tamb\u00e9m para iluminar a casa.<\/p>\n","protected":false},"featured_media":66961,"comment_status":"open","ping_status":"closed","template":"","meta":[],"product_brand":[],"product_cat":[115],"product_tag":[178,147,169],"class_list":{"0":"post-66962","1":"product","2":"type-product","3":"status-publish","4":"has-post-thumbnail","6":"product_cat-pendentes","7":"product_tag-candeeiro","8":"product_tag-mini-space","9":"product_tag-pendente","12":"first","13":"instock","14":"shipping-taxable","15":"purchasable","16":"product-type-simple"},"_links":{"self":[{"href":"https:\/\/urboowhome.com\/index.php\/wp-json\/wp\/v2\/product\/66962","targetHints":{"allow":["GET"]}}],"collection":[{"href":"https:\/\/urboowhome.com\/index.php\/wp-json\/wp\/v2\/product"}],"about":[{"href":"https:\/\/urboowhome.com\/index.php\/wp-json\/wp\/v2\/types\/product"}],"replies":[{"embeddable":true,"href":"https:\/\/urboowhome.com\/index.php\/wp-json\/wp\/v2\/comments?post=66962"}],"wp:featuredmedia":[{"embeddable":true,"href":"https:\/\/urboowhome.com\/index.php\/wp-json\/wp\/v2\/media\/66961"}],"wp:attachment":[{"href":"https:\/\/urboowhome.com\/index.php\/wp-json\/wp\/v2\/media?parent=66962"}],"wp:term":[{"taxonomy":"product_brand","embeddable":true,"href":"https:\/\/urboowhome.com\/index.php\/wp-json\/wp\/v2\/product_brand?post=66962"},{"taxonomy":"product_cat","embeddable":true,"href":"https:\/\/urboowhome.com\/index.php\/wp-json\/wp\/v2\/product_cat?post=66962"},{"taxonomy":"product_tag","embeddable":true,"href":"https:\/\/urboowhome.com\/index.php\/wp-json\/wp\/v2\/product_tag?post=66962"}],"curies":[{"name":"wp","href":"https:\/\/api.w.org\/{rel}","templated":true}]}}