{"id":66970,"date":"2025-08-07T13:36:43","date_gmt":"2025-08-07T13:36:43","guid":{"rendered":"https:\/\/urboowfb.com\/index.php\/produto\/le-vita-4\/"},"modified":"2026-03-23T17:27:22","modified_gmt":"2026-03-23T17:27:22","slug":"le-vita-4","status":"publish","type":"product","link":"https:\/\/urboowhome.com\/index.php\/produto\/le-vita-4\/","title":{"rendered":"Le Vita"},"content":{"rendered":"","protected":false},"excerpt":{"rendered":"<p>LE VITA \u00e9 a cole\u00e7\u00e3o de ilumina\u00e7\u00e3o de design criada por Nahtrang. O seu design \u00e9 delicado e simples e combina o difusor de vidro com as linhas finas da sua estrutura. Este pingente de design \u00e9 perfeito para iluminar diferentes ambientes da sua casa.<\/p>\n","protected":false},"featured_media":66969,"comment_status":"open","ping_status":"closed","template":"","meta":[],"product_brand":[],"product_cat":[115],"product_tag":[178,150,169],"class_list":{"0":"post-66970","1":"product","2":"type-product","3":"status-publish","4":"has-post-thumbnail","6":"product_cat-pendentes","7":"product_tag-candeeiro","8":"product_tag-le-vita","9":"product_tag-pendente","12":"first","13":"instock","14":"shipping-taxable","15":"purchasable","16":"product-type-simple"},"_links":{"self":[{"href":"https:\/\/urboowhome.com\/index.php\/wp-json\/wp\/v2\/product\/66970","targetHints":{"allow":["GET"]}}],"collection":[{"href":"https:\/\/urboowhome.com\/index.php\/wp-json\/wp\/v2\/product"}],"about":[{"href":"https:\/\/urboowhome.com\/index.php\/wp-json\/wp\/v2\/types\/product"}],"replies":[{"embeddable":true,"href":"https:\/\/urboowhome.com\/index.php\/wp-json\/wp\/v2\/comments?post=66970"}],"wp:featuredmedia":[{"embeddable":true,"href":"https:\/\/urboowhome.com\/index.php\/wp-json\/wp\/v2\/media\/66969"}],"wp:attachment":[{"href":"https:\/\/urboowhome.com\/index.php\/wp-json\/wp\/v2\/media?parent=66970"}],"wp:term":[{"taxonomy":"product_brand","embeddable":true,"href":"https:\/\/urboowhome.com\/index.php\/wp-json\/wp\/v2\/product_brand?post=66970"},{"taxonomy":"product_cat","embeddable":true,"href":"https:\/\/urboowhome.com\/index.php\/wp-json\/wp\/v2\/product_cat?post=66970"},{"taxonomy":"product_tag","embeddable":true,"href":"https:\/\/urboowhome.com\/index.php\/wp-json\/wp\/v2\/product_tag?post=66970"}],"curies":[{"name":"wp","href":"https:\/\/api.w.org\/{rel}","templated":true}]}}