{"id":67031,"date":"2025-08-07T13:37:51","date_gmt":"2025-08-07T13:37:51","guid":{"rendered":"https:\/\/urboowfb.com\/index.php\/produto\/ritz-5\/"},"modified":"2026-03-23T17:27:24","modified_gmt":"2026-03-23T17:27:24","slug":"ritz-5","status":"publish","type":"product","link":"https:\/\/urboowhome.com\/index.php\/produto\/ritz-5\/","title":{"rendered":"Ritz 5"},"content":{"rendered":"","protected":false},"excerpt":{"rendered":"<p>Introduza a simplicidade do design minimalista no seu interior com o candeeiro suspenso RITZ. Fabricado em a\u00e7o preto, combina perfeitamente com o abajur de grafite. Um candeeiro em forma de semic\u00edrculo com abajures espa\u00e7ados irregularmente confere ao interior um car\u00e1cter \u00fanico, real\u00e7ando o seu estilo moderno e elegante. Este candeeiro \u00e9 a escolha perfeita para quem pretende animar os seus interiores criando uma ilumina\u00e7\u00e3o funcional e est\u00e9tica.<\/p>\n","protected":false},"featured_media":67030,"comment_status":"open","ping_status":"closed","template":"","meta":[],"product_brand":[],"product_cat":[115],"product_tag":[140],"class_list":{"0":"post-67031","1":"product","2":"type-product","3":"status-publish","4":"has-post-thumbnail","6":"product_cat-pendentes","7":"product_tag-emibig","10":"first","11":"instock","12":"shipping-taxable","13":"purchasable","14":"product-type-simple"},"_links":{"self":[{"href":"https:\/\/urboowhome.com\/index.php\/wp-json\/wp\/v2\/product\/67031","targetHints":{"allow":["GET"]}}],"collection":[{"href":"https:\/\/urboowhome.com\/index.php\/wp-json\/wp\/v2\/product"}],"about":[{"href":"https:\/\/urboowhome.com\/index.php\/wp-json\/wp\/v2\/types\/product"}],"replies":[{"embeddable":true,"href":"https:\/\/urboowhome.com\/index.php\/wp-json\/wp\/v2\/comments?post=67031"}],"wp:featuredmedia":[{"embeddable":true,"href":"https:\/\/urboowhome.com\/index.php\/wp-json\/wp\/v2\/media\/67030"}],"wp:attachment":[{"href":"https:\/\/urboowhome.com\/index.php\/wp-json\/wp\/v2\/media?parent=67031"}],"wp:term":[{"taxonomy":"product_brand","embeddable":true,"href":"https:\/\/urboowhome.com\/index.php\/wp-json\/wp\/v2\/product_brand?post=67031"},{"taxonomy":"product_cat","embeddable":true,"href":"https:\/\/urboowhome.com\/index.php\/wp-json\/wp\/v2\/product_cat?post=67031"},{"taxonomy":"product_tag","embeddable":true,"href":"https:\/\/urboowhome.com\/index.php\/wp-json\/wp\/v2\/product_tag?post=67031"}],"curies":[{"name":"wp","href":"https:\/\/api.w.org\/{rel}","templated":true}]}}