{"id":67092,"date":"2025-08-07T13:38:44","date_gmt":"2025-08-07T13:38:44","guid":{"rendered":"https:\/\/urboowfb.com\/index.php\/produto\/alton-35-2\/"},"modified":"2026-03-23T17:27:24","modified_gmt":"2026-03-23T17:27:24","slug":"alton-35-2","status":"publish","type":"product","link":"https:\/\/urboowhome.com\/index.php\/produto\/alton-35-2\/","title":{"rendered":"Alton 35"},"content":{"rendered":"","protected":false},"excerpt":{"rendered":"<p>A gama Alton oferece uma bela coer\u00eancia entre o simples vidro opalino branco e a forma arredondada encantadora, criando uma express\u00e3o elegante e cl\u00e1ssica. Inclui um topo em metal preto mate, que confere ao candeeiro um visual cl\u00e1ssico e minimalista. A combina\u00e7\u00e3o do vidro opalino branco com o metal preto mate resulta numa express\u00e3o de design moderna e sofisticada.<\/p>\n<p>O vidro deste candeeiro \u00e9 soprado \u00e0 boca e produzido manualmente, pe\u00e7a por pe\u00e7a. Devido a este processo \u00fanico, podem surgir bolhas de ar no vidro e a espessura do mesmo pode variar. Estas caracter\u00edsticas conferem ao vidro o seu car\u00e1ter \u00fanico e uma\u00a0apar\u00eancia\u00a0viva.<\/p>\n","protected":false},"featured_media":67091,"comment_status":"open","ping_status":"closed","template":"","meta":[],"product_brand":[],"product_cat":[115],"product_tag":[127],"class_list":{"0":"post-67092","1":"product","2":"type-product","3":"status-publish","4":"has-post-thumbnail","6":"product_cat-pendentes","7":"product_tag-alton-35","10":"first","11":"instock","12":"featured","13":"shipping-taxable","14":"purchasable","15":"product-type-simple"},"_links":{"self":[{"href":"https:\/\/urboowhome.com\/index.php\/wp-json\/wp\/v2\/product\/67092","targetHints":{"allow":["GET"]}}],"collection":[{"href":"https:\/\/urboowhome.com\/index.php\/wp-json\/wp\/v2\/product"}],"about":[{"href":"https:\/\/urboowhome.com\/index.php\/wp-json\/wp\/v2\/types\/product"}],"replies":[{"embeddable":true,"href":"https:\/\/urboowhome.com\/index.php\/wp-json\/wp\/v2\/comments?post=67092"}],"wp:featuredmedia":[{"embeddable":true,"href":"https:\/\/urboowhome.com\/index.php\/wp-json\/wp\/v2\/media\/67091"}],"wp:attachment":[{"href":"https:\/\/urboowhome.com\/index.php\/wp-json\/wp\/v2\/media?parent=67092"}],"wp:term":[{"taxonomy":"product_brand","embeddable":true,"href":"https:\/\/urboowhome.com\/index.php\/wp-json\/wp\/v2\/product_brand?post=67092"},{"taxonomy":"product_cat","embeddable":true,"href":"https:\/\/urboowhome.com\/index.php\/wp-json\/wp\/v2\/product_cat?post=67092"},{"taxonomy":"product_tag","embeddable":true,"href":"https:\/\/urboowhome.com\/index.php\/wp-json\/wp\/v2\/product_tag?post=67092"}],"curies":[{"name":"wp","href":"https:\/\/api.w.org\/{rel}","templated":true}]}}