{"id":67452,"date":"2025-08-07T13:46:30","date_gmt":"2025-08-07T13:46:30","guid":{"rendered":"https:\/\/urboowfb.com\/index.php\/produto\/marriot-2\/"},"modified":"2026-03-23T17:27:29","modified_gmt":"2026-03-23T17:27:29","slug":"marriot-2","status":"publish","type":"product","link":"https:\/\/urboowhome.com\/index.php\/produto\/marriot-2\/","title":{"rendered":"Marriot"},"content":{"rendered":"","protected":false},"excerpt":{"rendered":"<p>A lumin\u00e1ria de parede MARRIOT com bra\u00e7o de leitura impressiona pelo seu design atraente e pela sua utiliza\u00e7\u00e3o c\u00f3moda e flex\u00edvel. O bra\u00e7o de leitura girat\u00f3rio permite direcionar o feixe de luz e pode ser ajustado em conformidade. Ambas as fontes de luz podem ser ligadas e desligadas separadamente atrav\u00e9s de interruptores integrados. Idealmente, o MARRIOT deve ser colocado ao lado da cama no quarto, uma vez que a combina\u00e7\u00e3o da luz suave do abajur em tecido e do bra\u00e7o de leitura flex\u00edvel torna a lumin\u00e1ria ideal como luz de cabeceira e de leitura. A MARRIOT tamb\u00e9m est\u00e1 equipada com a funcionalidade FLEXconnect, de modo a poder ser fixada \u00e0 parede em qualquer posi\u00e7\u00e3o gra\u00e7as \u00e0 sa\u00edda de cabo integrada e ligada atrav\u00e9s de um cabo de alimenta\u00e7\u00e3o ou \u00e9 adequada para uma liga\u00e7\u00e3o fixa sem um cabo de alimenta\u00e7\u00e3o. A combina\u00e7\u00e3o de cores preto e dourado exala eleg\u00e2ncia e calor e confere ao quarto um efeito de bem-estar extraordin\u00e1rio. A lumin\u00e1ria tamb\u00e9m possui a moderna tecnologia LED, que se caracteriza por uma elevada qualidade de luz e efici\u00eancia energ\u00e9tica. Em compara\u00e7\u00e3o com as fontes de luz de halog\u00e9neo convencionais, \u00e9 poss\u00edvel poupar at\u00e9 80% dos custos de energia. As fontes de luz LED t\u00eam tamb\u00e9m uma longa vida \u00fatil, produzem menos calor e protegem o ambiente. Para uma ilumina\u00e7\u00e3o economizadora de energia, recomenda-se tamb\u00e9m a utiliza\u00e7\u00e3o de uma fonte de luz LED para o suporte de l\u00e2mpada.<\/p>\n","protected":false},"featured_media":67451,"comment_status":"open","ping_status":"closed","template":"","meta":[],"product_brand":[],"product_cat":[119],"product_tag":[218],"class_list":{"0":"post-67452","1":"product","2":"type-product","3":"status-publish","4":"has-post-thumbnail","6":"product_cat-parede","7":"product_tag-marriot","10":"first","11":"instock","12":"featured","13":"shipping-taxable","14":"purchasable","15":"product-type-simple"},"_links":{"self":[{"href":"https:\/\/urboowhome.com\/index.php\/wp-json\/wp\/v2\/product\/67452","targetHints":{"allow":["GET"]}}],"collection":[{"href":"https:\/\/urboowhome.com\/index.php\/wp-json\/wp\/v2\/product"}],"about":[{"href":"https:\/\/urboowhome.com\/index.php\/wp-json\/wp\/v2\/types\/product"}],"replies":[{"embeddable":true,"href":"https:\/\/urboowhome.com\/index.php\/wp-json\/wp\/v2\/comments?post=67452"}],"wp:featuredmedia":[{"embeddable":true,"href":"https:\/\/urboowhome.com\/index.php\/wp-json\/wp\/v2\/media\/67451"}],"wp:attachment":[{"href":"https:\/\/urboowhome.com\/index.php\/wp-json\/wp\/v2\/media?parent=67452"}],"wp:term":[{"taxonomy":"product_brand","embeddable":true,"href":"https:\/\/urboowhome.com\/index.php\/wp-json\/wp\/v2\/product_brand?post=67452"},{"taxonomy":"product_cat","embeddable":true,"href":"https:\/\/urboowhome.com\/index.php\/wp-json\/wp\/v2\/product_cat?post=67452"},{"taxonomy":"product_tag","embeddable":true,"href":"https:\/\/urboowhome.com\/index.php\/wp-json\/wp\/v2\/product_tag?post=67452"}],"curies":[{"name":"wp","href":"https:\/\/api.w.org\/{rel}","templated":true}]}}