{"id":67648,"date":"2025-08-07T13:50:24","date_gmt":"2025-08-07T13:50:24","guid":{"rendered":"https:\/\/urboowfb.com\/index.php\/produto\/riha-2\/"},"modified":"2026-03-23T17:27:31","modified_gmt":"2026-03-23T17:27:31","slug":"riha-2","status":"publish","type":"product","link":"https:\/\/urboowhome.com\/index.php\/produto\/riha-2\/","title":{"rendered":"Riha"},"content":{"rendered":"","protected":false},"excerpt":{"rendered":"<p>O candeeiro de p\u00e9 da gama Riha inspira com o seu design moderno. Numa haste vertical de metal preto (155 cm), existem seis l\u00e2mpadas LED G9 na parte superior, cada uma com um abajur de vidro fumado de diferentes tamanhos. Al\u00e9m disso, a lumin\u00e1ria tem um interrutor de passo ON\/OFF e emite uma agrad\u00e1vel luz branca quente de 3000 Kelvin.<\/p>\n","protected":false},"featured_media":67647,"comment_status":"open","ping_status":"closed","template":"","meta":[],"product_brand":[],"product_cat":[129],"product_tag":[179],"class_list":{"0":"post-67648","1":"product","2":"type-product","3":"status-publish","4":"has-post-thumbnail","6":"product_cat-chao","7":"product_tag-riha","10":"first","11":"instock","12":"featured","13":"shipping-taxable","14":"purchasable","15":"product-type-simple"},"_links":{"self":[{"href":"https:\/\/urboowhome.com\/index.php\/wp-json\/wp\/v2\/product\/67648","targetHints":{"allow":["GET"]}}],"collection":[{"href":"https:\/\/urboowhome.com\/index.php\/wp-json\/wp\/v2\/product"}],"about":[{"href":"https:\/\/urboowhome.com\/index.php\/wp-json\/wp\/v2\/types\/product"}],"replies":[{"embeddable":true,"href":"https:\/\/urboowhome.com\/index.php\/wp-json\/wp\/v2\/comments?post=67648"}],"wp:featuredmedia":[{"embeddable":true,"href":"https:\/\/urboowhome.com\/index.php\/wp-json\/wp\/v2\/media\/67647"}],"wp:attachment":[{"href":"https:\/\/urboowhome.com\/index.php\/wp-json\/wp\/v2\/media?parent=67648"}],"wp:term":[{"taxonomy":"product_brand","embeddable":true,"href":"https:\/\/urboowhome.com\/index.php\/wp-json\/wp\/v2\/product_brand?post=67648"},{"taxonomy":"product_cat","embeddable":true,"href":"https:\/\/urboowhome.com\/index.php\/wp-json\/wp\/v2\/product_cat?post=67648"},{"taxonomy":"product_tag","embeddable":true,"href":"https:\/\/urboowhome.com\/index.php\/wp-json\/wp\/v2\/product_tag?post=67648"}],"curies":[{"name":"wp","href":"https:\/\/api.w.org\/{rel}","templated":true}]}}