{"id":67712,"date":"2025-08-07T13:52:04","date_gmt":"2025-08-07T13:52:04","guid":{"rendered":"https:\/\/urboowfb.com\/index.php\/produto\/estrella\/"},"modified":"2026-03-23T17:27:33","modified_gmt":"2026-03-23T17:27:33","slug":"estrella","status":"publish","type":"product","link":"https:\/\/urboowhome.com\/index.php\/produto\/estrella\/","title":{"rendered":"Estrella"},"content":{"rendered":"","protected":false},"excerpt":{"rendered":"<p>A lumin\u00e1ria de ch\u00e3o ESTRELLA \u00e9 uma ilumina\u00e7\u00e3o decorativa que se adapta perfeitamente tanto a interiores tradicionais quanto modernos. Cuidadosamente projetado e feito com materiais de alta qualidade. Um grande abajur feito de material dur\u00e1vel complementar\u00e1 lindamente o espa\u00e7o, e o design original da base tamb\u00e9m distingue o modelo ESTRELLA de outras lumin\u00e1rias de ch\u00e3o. A simplicidade e o minimalismo da lumin\u00e1ria de ch\u00e3o ESTRELLA a tornam universal e adequada para praticamente qualquer estilo de interior. Perfeito para uma sala de estar ou quarto, ele exala uma eleg\u00e2ncia atemporal e discreta. Abajures dispon\u00edveis em branco e dourado, preto e dourado ou rattan. Constru\u00e7\u00e3o branca ou preta.<\/p>\n","protected":false},"featured_media":67711,"comment_status":"open","ping_status":"closed","template":"","meta":[],"product_brand":[],"product_cat":[129],"product_tag":[],"class_list":{"0":"post-67712","1":"product","2":"type-product","3":"status-publish","4":"has-post-thumbnail","6":"product_cat-chao","9":"first","10":"instock","11":"shipping-taxable","12":"purchasable","13":"product-type-simple"},"_links":{"self":[{"href":"https:\/\/urboowhome.com\/index.php\/wp-json\/wp\/v2\/product\/67712","targetHints":{"allow":["GET"]}}],"collection":[{"href":"https:\/\/urboowhome.com\/index.php\/wp-json\/wp\/v2\/product"}],"about":[{"href":"https:\/\/urboowhome.com\/index.php\/wp-json\/wp\/v2\/types\/product"}],"replies":[{"embeddable":true,"href":"https:\/\/urboowhome.com\/index.php\/wp-json\/wp\/v2\/comments?post=67712"}],"wp:featuredmedia":[{"embeddable":true,"href":"https:\/\/urboowhome.com\/index.php\/wp-json\/wp\/v2\/media\/67711"}],"wp:attachment":[{"href":"https:\/\/urboowhome.com\/index.php\/wp-json\/wp\/v2\/media?parent=67712"}],"wp:term":[{"taxonomy":"product_brand","embeddable":true,"href":"https:\/\/urboowhome.com\/index.php\/wp-json\/wp\/v2\/product_brand?post=67712"},{"taxonomy":"product_cat","embeddable":true,"href":"https:\/\/urboowhome.com\/index.php\/wp-json\/wp\/v2\/product_cat?post=67712"},{"taxonomy":"product_tag","embeddable":true,"href":"https:\/\/urboowhome.com\/index.php\/wp-json\/wp\/v2\/product_tag?post=67712"}],"curies":[{"name":"wp","href":"https:\/\/api.w.org\/{rel}","templated":true}]}}