{"id":67776,"date":"2025-08-07T13:53:18","date_gmt":"2025-08-07T13:53:18","guid":{"rendered":"https:\/\/urboowfb.com\/index.php\/produto\/oja-42-2\/"},"modified":"2026-03-23T17:27:33","modified_gmt":"2026-03-23T17:27:33","slug":"oja-42-2","status":"publish","type":"product","link":"https:\/\/urboowhome.com\/index.php\/produto\/oja-42-2\/","title":{"rendered":"Oja 42"},"content":{"rendered":"","protected":false},"excerpt":{"rendered":"<p>Oja \u00e9 um candeeiro de teto ultra-plano de aplica\u00e7\u00e3o universal com LED integrado e funcionalidade Moodmaker\u2122, que lhe permite regular a intensidade da luz em tr\u00eas passos com o seu interrutor de parede normal. Oja tem uma luz branca quente confort\u00e1vel (2700K), um belo efeito de retroilumina\u00e7\u00e3o e uma vida \u00fatil muito longa de 25.000 horas.<\/p>\n","protected":false},"featured_media":67775,"comment_status":"open","ping_status":"closed","template":"","meta":[],"product_brand":[],"product_cat":[138],"product_tag":[236],"class_list":{"0":"post-67776","1":"product","2":"type-product","3":"status-publish","4":"has-post-thumbnail","6":"product_cat-teto","7":"product_tag-oja","10":"first","11":"instock","12":"shipping-taxable","13":"purchasable","14":"product-type-simple"},"_links":{"self":[{"href":"https:\/\/urboowhome.com\/index.php\/wp-json\/wp\/v2\/product\/67776","targetHints":{"allow":["GET"]}}],"collection":[{"href":"https:\/\/urboowhome.com\/index.php\/wp-json\/wp\/v2\/product"}],"about":[{"href":"https:\/\/urboowhome.com\/index.php\/wp-json\/wp\/v2\/types\/product"}],"replies":[{"embeddable":true,"href":"https:\/\/urboowhome.com\/index.php\/wp-json\/wp\/v2\/comments?post=67776"}],"wp:featuredmedia":[{"embeddable":true,"href":"https:\/\/urboowhome.com\/index.php\/wp-json\/wp\/v2\/media\/67775"}],"wp:attachment":[{"href":"https:\/\/urboowhome.com\/index.php\/wp-json\/wp\/v2\/media?parent=67776"}],"wp:term":[{"taxonomy":"product_brand","embeddable":true,"href":"https:\/\/urboowhome.com\/index.php\/wp-json\/wp\/v2\/product_brand?post=67776"},{"taxonomy":"product_cat","embeddable":true,"href":"https:\/\/urboowhome.com\/index.php\/wp-json\/wp\/v2\/product_cat?post=67776"},{"taxonomy":"product_tag","embeddable":true,"href":"https:\/\/urboowhome.com\/index.php\/wp-json\/wp\/v2\/product_tag?post=67776"}],"curies":[{"name":"wp","href":"https:\/\/api.w.org\/{rel}","templated":true}]}}