{"id":67971,"date":"2025-08-07T13:58:14","date_gmt":"2025-08-07T13:58:14","guid":{"rendered":"https:\/\/urboowfb.com\/index.php\/produto\/atticus-900\/"},"modified":"2026-03-23T17:27:36","modified_gmt":"2026-03-23T17:27:36","slug":"atticus-900","status":"publish","type":"product","link":"https:\/\/urboowhome.com\/index.php\/produto\/atticus-900\/","title":{"rendered":"Atticus 900"},"content":{"rendered":"","protected":false},"excerpt":{"rendered":"<p>Com o seu design elegante, que evoca um \u00fanico tra\u00e7o de l\u00e1pis em 3D, Atticus confere um aspeto contempor\u00e2neo \u00e0s casas de banho modernas. Gra\u00e7as ao seu design vers\u00e1til, o Atticus pode ser instalado na vertical ou na horizontal, por cima ou de cada lado do espelho da casa de banho. Atticus tamb\u00e9m possui um sistema de montagem f\u00e1cil de instalar e materiais dur\u00e1veis para anos de utiliza\u00e7\u00e3o segura e fi\u00e1vel.<\/p>\n","protected":false},"featured_media":67970,"comment_status":"open","ping_status":"closed","template":"","meta":[],"product_brand":[],"product_cat":[137],"product_tag":[],"class_list":{"0":"post-67971","1":"product","2":"type-product","3":"status-publish","4":"has-post-thumbnail","6":"product_cat-casa-de-banho","9":"first","10":"instock","11":"featured","12":"shipping-taxable","13":"purchasable","14":"product-type-simple"},"_links":{"self":[{"href":"https:\/\/urboowhome.com\/index.php\/wp-json\/wp\/v2\/product\/67971","targetHints":{"allow":["GET"]}}],"collection":[{"href":"https:\/\/urboowhome.com\/index.php\/wp-json\/wp\/v2\/product"}],"about":[{"href":"https:\/\/urboowhome.com\/index.php\/wp-json\/wp\/v2\/types\/product"}],"replies":[{"embeddable":true,"href":"https:\/\/urboowhome.com\/index.php\/wp-json\/wp\/v2\/comments?post=67971"}],"wp:featuredmedia":[{"embeddable":true,"href":"https:\/\/urboowhome.com\/index.php\/wp-json\/wp\/v2\/media\/67970"}],"wp:attachment":[{"href":"https:\/\/urboowhome.com\/index.php\/wp-json\/wp\/v2\/media?parent=67971"}],"wp:term":[{"taxonomy":"product_brand","embeddable":true,"href":"https:\/\/urboowhome.com\/index.php\/wp-json\/wp\/v2\/product_brand?post=67971"},{"taxonomy":"product_cat","embeddable":true,"href":"https:\/\/urboowhome.com\/index.php\/wp-json\/wp\/v2\/product_cat?post=67971"},{"taxonomy":"product_tag","embeddable":true,"href":"https:\/\/urboowhome.com\/index.php\/wp-json\/wp\/v2\/product_tag?post=67971"}],"curies":[{"name":"wp","href":"https:\/\/api.w.org\/{rel}","templated":true}]}}