{"id":68051,"date":"2025-08-07T14:00:33","date_gmt":"2025-08-07T14:00:33","guid":{"rendered":"https:\/\/urboowfb.com\/index.php\/produto\/noorstad\/"},"modified":"2026-03-23T17:27:37","modified_gmt":"2026-03-23T17:27:37","slug":"noorstad","status":"publish","type":"product","link":"https:\/\/urboowhome.com\/index.php\/produto\/noorstad\/","title":{"rendered":"Noorstad"},"content":{"rendered":"","protected":false},"excerpt":{"rendered":"<p>Noorstad \u00e9 uma elegante s\u00e9rie de ilumina\u00e7\u00e3o exterior em que a luz est\u00e1 totalmente em foco. Com um design arquitet\u00f3nico e aerodin\u00e2mico, o candeeiro de parede tem uma sa\u00edda de luz de 180\u00b0 que iluminar\u00e1 facilmente a fachada da sua casa, o terra\u00e7o ou a garagem.<\/p>\n","protected":false},"featured_media":68050,"comment_status":"open","ping_status":"closed","template":"","meta":[],"product_brand":[],"product_cat":[120],"product_tag":[],"class_list":{"0":"post-68051","1":"product","2":"type-product","3":"status-publish","4":"has-post-thumbnail","6":"product_cat-parede-exterior","9":"first","10":"instock","11":"featured","12":"shipping-taxable","13":"purchasable","14":"product-type-simple"},"_links":{"self":[{"href":"https:\/\/urboowhome.com\/index.php\/wp-json\/wp\/v2\/product\/68051","targetHints":{"allow":["GET"]}}],"collection":[{"href":"https:\/\/urboowhome.com\/index.php\/wp-json\/wp\/v2\/product"}],"about":[{"href":"https:\/\/urboowhome.com\/index.php\/wp-json\/wp\/v2\/types\/product"}],"replies":[{"embeddable":true,"href":"https:\/\/urboowhome.com\/index.php\/wp-json\/wp\/v2\/comments?post=68051"}],"wp:featuredmedia":[{"embeddable":true,"href":"https:\/\/urboowhome.com\/index.php\/wp-json\/wp\/v2\/media\/68050"}],"wp:attachment":[{"href":"https:\/\/urboowhome.com\/index.php\/wp-json\/wp\/v2\/media?parent=68051"}],"wp:term":[{"taxonomy":"product_brand","embeddable":true,"href":"https:\/\/urboowhome.com\/index.php\/wp-json\/wp\/v2\/product_brand?post=68051"},{"taxonomy":"product_cat","embeddable":true,"href":"https:\/\/urboowhome.com\/index.php\/wp-json\/wp\/v2\/product_cat?post=68051"},{"taxonomy":"product_tag","embeddable":true,"href":"https:\/\/urboowhome.com\/index.php\/wp-json\/wp\/v2\/product_tag?post=68051"}],"curies":[{"name":"wp","href":"https:\/\/api.w.org\/{rel}","templated":true}]}}