{"id":68247,"date":"2025-08-07T14:06:02","date_gmt":"2025-08-07T14:06:02","guid":{"rendered":"https:\/\/urboowfb.com\/index.php\/produto\/espelho-oval-com-luz-e-marco-de-metal\/"},"modified":"2026-03-23T17:27:40","modified_gmt":"2026-03-23T17:27:40","slug":"espelho-oval-com-luz-e-marco-de-metal","status":"publish","type":"product","link":"https:\/\/urboowhome.com\/index.php\/produto\/espelho-oval-com-luz-e-marco-de-metal\/","title":{"rendered":"Espelho Oval com Luz e Marco de Metal"},"content":{"rendered":"","protected":false},"excerpt":{"rendered":"<p>Espelho oval com moldura em metal preto e luz LED incorporada. Este espelho moderno destaca-se pelo seu design moderno e minimalista, sendo ao mesmo tempo funcional e pr\u00e1tico. Incorpora a mais recente tecnologia, bem como uma ilumina\u00e7\u00e3o LED economizadora de energia dispon\u00edvel em diferentes cores \u00e0 escolha. Ideal para dar estilo e eleg\u00e2ncia \u00e0 sua casa de banho, quarto, quarto de vestir ou qualquer outra divis\u00e3o onde o coloque.<\/p>\n","protected":false},"featured_media":68246,"comment_status":"open","ping_status":"closed","template":"","meta":[],"product_brand":[],"product_cat":[240,239],"product_tag":[],"class_list":{"0":"post-68247","1":"product","2":"type-product","3":"status-publish","4":"has-post-thumbnail","6":"product_cat-espelhos-iluminados-espelhos-iluminados","7":"product_cat-espelhos-iluminados","10":"first","11":"instock","12":"featured","13":"shipping-taxable","14":"purchasable","15":"product-type-simple"},"_links":{"self":[{"href":"https:\/\/urboowhome.com\/index.php\/wp-json\/wp\/v2\/product\/68247","targetHints":{"allow":["GET"]}}],"collection":[{"href":"https:\/\/urboowhome.com\/index.php\/wp-json\/wp\/v2\/product"}],"about":[{"href":"https:\/\/urboowhome.com\/index.php\/wp-json\/wp\/v2\/types\/product"}],"replies":[{"embeddable":true,"href":"https:\/\/urboowhome.com\/index.php\/wp-json\/wp\/v2\/comments?post=68247"}],"wp:featuredmedia":[{"embeddable":true,"href":"https:\/\/urboowhome.com\/index.php\/wp-json\/wp\/v2\/media\/68246"}],"wp:attachment":[{"href":"https:\/\/urboowhome.com\/index.php\/wp-json\/wp\/v2\/media?parent=68247"}],"wp:term":[{"taxonomy":"product_brand","embeddable":true,"href":"https:\/\/urboowhome.com\/index.php\/wp-json\/wp\/v2\/product_brand?post=68247"},{"taxonomy":"product_cat","embeddable":true,"href":"https:\/\/urboowhome.com\/index.php\/wp-json\/wp\/v2\/product_cat?post=68247"},{"taxonomy":"product_tag","embeddable":true,"href":"https:\/\/urboowhome.com\/index.php\/wp-json\/wp\/v2\/product_tag?post=68247"}],"curies":[{"name":"wp","href":"https:\/\/api.w.org\/{rel}","templated":true}]}}