{"id":68282,"date":"2025-08-07T14:06:54","date_gmt":"2025-08-07T14:06:54","guid":{"rendered":"https:\/\/urboowfb.com\/index.php\/produto\/griffin\/"},"modified":"2026-03-23T17:27:40","modified_gmt":"2026-03-23T17:27:40","slug":"griffin","status":"publish","type":"product","link":"https:\/\/urboowhome.com\/index.php\/produto\/griffin\/","title":{"rendered":"Griffin"},"content":{"rendered":"","protected":false},"excerpt":{"rendered":"<p>Projetado pelos designers dinamarqueses, Griffin \u00e9 uma s\u00e9rie de luzes externas simplificadas e modernas que se encaixam na arquitetura cl\u00e1ssica e mais contempor\u00e2nea. As linhas rigorosas comp\u00f5em o n\u00facleo da l\u00e2mpada, proporcionando uma linguagem de design leve e arejada. O difusor fumado garante uma luz agrad\u00e1vel \u2013 perfeita para iluminar as suas \u00e1reas exteriores escuras.<\/p>\n","protected":false},"featured_media":68281,"comment_status":"open","ping_status":"closed","template":"","meta":[],"product_brand":[],"product_cat":[121],"product_tag":[],"class_list":{"0":"post-68282","1":"product","2":"type-product","3":"status-publish","4":"has-post-thumbnail","6":"product_cat-jardim","9":"first","10":"instock","11":"featured","12":"shipping-taxable","13":"purchasable","14":"product-type-simple"},"_links":{"self":[{"href":"https:\/\/urboowhome.com\/index.php\/wp-json\/wp\/v2\/product\/68282","targetHints":{"allow":["GET"]}}],"collection":[{"href":"https:\/\/urboowhome.com\/index.php\/wp-json\/wp\/v2\/product"}],"about":[{"href":"https:\/\/urboowhome.com\/index.php\/wp-json\/wp\/v2\/types\/product"}],"replies":[{"embeddable":true,"href":"https:\/\/urboowhome.com\/index.php\/wp-json\/wp\/v2\/comments?post=68282"}],"wp:featuredmedia":[{"embeddable":true,"href":"https:\/\/urboowhome.com\/index.php\/wp-json\/wp\/v2\/media\/68281"}],"wp:attachment":[{"href":"https:\/\/urboowhome.com\/index.php\/wp-json\/wp\/v2\/media?parent=68282"}],"wp:term":[{"taxonomy":"product_brand","embeddable":true,"href":"https:\/\/urboowhome.com\/index.php\/wp-json\/wp\/v2\/product_brand?post=68282"},{"taxonomy":"product_cat","embeddable":true,"href":"https:\/\/urboowhome.com\/index.php\/wp-json\/wp\/v2\/product_cat?post=68282"},{"taxonomy":"product_tag","embeddable":true,"href":"https:\/\/urboowhome.com\/index.php\/wp-json\/wp\/v2\/product_tag?post=68282"}],"curies":[{"name":"wp","href":"https:\/\/api.w.org\/{rel}","templated":true}]}}