{"id":69984,"date":"2026-04-14T13:53:19","date_gmt":"2026-04-14T13:53:19","guid":{"rendered":"https:\/\/urboowhome.com\/index.php\/produto\/saulio-solar-battery-light-brown\/"},"modified":"2026-04-14T16:43:50","modified_gmt":"2026-04-14T16:43:50","slug":"saulio-solar-battery-light-brown","status":"publish","type":"product","link":"https:\/\/urboowhome.com\/index.php\/produto\/saulio-solar-battery-light-brown\/","title":{"rendered":"Saulio Solar | Battery light | Brown"},"content":{"rendered":"","protected":false},"excerpt":{"rendered":"<p>Saulio, da dupla de designers dinamarqueses Says Who, \u00e9 um candeeiro port\u00e1til movido a energia solar com um design simples e elegante. Saulio \u00e9 carregado pela luz solar durante o dia e possui tr\u00eas n\u00edveis de intensidade de luz para criar o ambiente perfeito. Segure o candeeiro pela al\u00e7a e coloque-o onde quiser. Cabo USB para carregamento r\u00e1pido inclu\u00eddo.<\/p>\n","protected":false},"featured_media":69983,"comment_status":"open","ping_status":"closed","template":"","meta":[],"product_brand":[],"product_cat":[243,121,245],"product_tag":[],"class_list":{"0":"post-69984","1":"product","2":"type-product","3":"status-publish","4":"has-post-thumbnail","6":"product_cat-exterior","7":"product_cat-jardim","8":"product_cat-novidades","11":"first","12":"instock","13":"shipping-taxable","14":"purchasable","15":"product-type-simple"},"_links":{"self":[{"href":"https:\/\/urboowhome.com\/index.php\/wp-json\/wp\/v2\/product\/69984","targetHints":{"allow":["GET"]}}],"collection":[{"href":"https:\/\/urboowhome.com\/index.php\/wp-json\/wp\/v2\/product"}],"about":[{"href":"https:\/\/urboowhome.com\/index.php\/wp-json\/wp\/v2\/types\/product"}],"replies":[{"embeddable":true,"href":"https:\/\/urboowhome.com\/index.php\/wp-json\/wp\/v2\/comments?post=69984"}],"wp:featuredmedia":[{"embeddable":true,"href":"https:\/\/urboowhome.com\/index.php\/wp-json\/wp\/v2\/media\/69983"}],"wp:attachment":[{"href":"https:\/\/urboowhome.com\/index.php\/wp-json\/wp\/v2\/media?parent=69984"}],"wp:term":[{"taxonomy":"product_brand","embeddable":true,"href":"https:\/\/urboowhome.com\/index.php\/wp-json\/wp\/v2\/product_brand?post=69984"},{"taxonomy":"product_cat","embeddable":true,"href":"https:\/\/urboowhome.com\/index.php\/wp-json\/wp\/v2\/product_cat?post=69984"},{"taxonomy":"product_tag","embeddable":true,"href":"https:\/\/urboowhome.com\/index.php\/wp-json\/wp\/v2\/product_tag?post=69984"}],"curies":[{"name":"wp","href":"https:\/\/api.w.org\/{rel}","templated":true}]}}