{"id":70292,"date":"2026-04-14T14:16:37","date_gmt":"2026-04-14T14:16:37","guid":{"rendered":"https:\/\/urboowhome.com\/index.php\/produto\/lilly-5-spot-pendant-black\/"},"modified":"2026-04-14T15:02:45","modified_gmt":"2026-04-14T15:02:45","slug":"lilly-5-spot-pendant-black","status":"publish","type":"product","link":"https:\/\/urboowhome.com\/index.php\/produto\/lilly-5-spot-pendant-black\/","title":{"rendered":"Lilly 5-spot | Pendant | Black"},"content":{"rendered":"","protected":false},"excerpt":{"rendered":"<p><span dir=\"auto\">Lilly equilibra com perfei\u00e7\u00e3o a simplicidade e a eleg\u00e2ncia. A estrutura minimalista de metal contrasta suavemente com as c\u00fapulas de vidro opalino luminoso, que espalham uma luz quente e agrad\u00e1vel.<\/span><\/p>\n<p><span dir=\"auto\">A combina\u00e7\u00e3o de linhas retas e c\u00fapulas de vidro redondas cria um design refinado e decorativo, ideal para ser colocado sobre uma mesa de jantar ou na sala de estar.<\/span><\/p>\n<p><span dir=\"auto\">O vidro \u00e9 soprado \u00e0 boca e trabalhado individualmente \u00e0 m\u00e3o. Devido a esse processo \u00fanico, podem surgir bolhas de ar no vidro, e a espessura tamb\u00e9m pode variar. Isso confere ao vidro sua personalidade e apar\u00eancia vibrante.<\/span><\/p>\n","protected":false},"featured_media":70291,"comment_status":"open","ping_status":"closed","template":"","meta":[],"product_brand":[],"product_cat":[242,245,115],"product_tag":[],"class_list":{"0":"post-70292","1":"product","2":"type-product","3":"status-publish","4":"has-post-thumbnail","6":"product_cat-interior","7":"product_cat-novidades","8":"product_cat-pendentes","11":"first","12":"instock","13":"shipping-taxable","14":"purchasable","15":"product-type-simple"},"_links":{"self":[{"href":"https:\/\/urboowhome.com\/index.php\/wp-json\/wp\/v2\/product\/70292","targetHints":{"allow":["GET"]}}],"collection":[{"href":"https:\/\/urboowhome.com\/index.php\/wp-json\/wp\/v2\/product"}],"about":[{"href":"https:\/\/urboowhome.com\/index.php\/wp-json\/wp\/v2\/types\/product"}],"replies":[{"embeddable":true,"href":"https:\/\/urboowhome.com\/index.php\/wp-json\/wp\/v2\/comments?post=70292"}],"wp:featuredmedia":[{"embeddable":true,"href":"https:\/\/urboowhome.com\/index.php\/wp-json\/wp\/v2\/media\/70291"}],"wp:attachment":[{"href":"https:\/\/urboowhome.com\/index.php\/wp-json\/wp\/v2\/media?parent=70292"}],"wp:term":[{"taxonomy":"product_brand","embeddable":true,"href":"https:\/\/urboowhome.com\/index.php\/wp-json\/wp\/v2\/product_brand?post=70292"},{"taxonomy":"product_cat","embeddable":true,"href":"https:\/\/urboowhome.com\/index.php\/wp-json\/wp\/v2\/product_cat?post=70292"},{"taxonomy":"product_tag","embeddable":true,"href":"https:\/\/urboowhome.com\/index.php\/wp-json\/wp\/v2\/product_tag?post=70292"}],"curies":[{"name":"wp","href":"https:\/\/api.w.org\/{rel}","templated":true}]}}