{"id":70305,"date":"2026-04-14T14:17:19","date_gmt":"2026-04-14T14:17:19","guid":{"rendered":"https:\/\/urboowhome.com\/index.php\/produto\/villo-60-fabric-lamp-shade-nature\/"},"modified":"2026-04-14T15:03:55","modified_gmt":"2026-04-14T15:03:55","slug":"villo-60-fabric-lamp-shade-nature","status":"publish","type":"product","link":"https:\/\/urboowhome.com\/index.php\/produto\/villo-60-fabric-lamp-shade-nature\/","title":{"rendered":"Villo 60 Fabric | Lamp shade | Nature"},"content":{"rendered":"","protected":false},"excerpt":{"rendered":"<p>Villo \u00e9 uma interpreta\u00e7\u00e3o moderna do cl\u00e1ssico candeeiro de papel de arroz, feito em linho para uma express\u00e3o mais suave e acolhedora. Com um aspeto leve e arejado, cria um ambiente acolhedor onde quer que seja colocado, projetando uma luz suave e difusa no espa\u00e7o.<\/p>\n","protected":false},"featured_media":70304,"comment_status":"open","ping_status":"closed","template":"","meta":[],"product_brand":[],"product_cat":[242,245,115,138],"product_tag":[],"class_list":{"0":"post-70305","1":"product","2":"type-product","3":"status-publish","4":"has-post-thumbnail","6":"product_cat-interior","7":"product_cat-novidades","8":"product_cat-pendentes","9":"product_cat-teto","12":"first","13":"instock","14":"shipping-taxable","15":"purchasable","16":"product-type-simple"},"_links":{"self":[{"href":"https:\/\/urboowhome.com\/index.php\/wp-json\/wp\/v2\/product\/70305","targetHints":{"allow":["GET"]}}],"collection":[{"href":"https:\/\/urboowhome.com\/index.php\/wp-json\/wp\/v2\/product"}],"about":[{"href":"https:\/\/urboowhome.com\/index.php\/wp-json\/wp\/v2\/types\/product"}],"replies":[{"embeddable":true,"href":"https:\/\/urboowhome.com\/index.php\/wp-json\/wp\/v2\/comments?post=70305"}],"wp:featuredmedia":[{"embeddable":true,"href":"https:\/\/urboowhome.com\/index.php\/wp-json\/wp\/v2\/media\/70304"}],"wp:attachment":[{"href":"https:\/\/urboowhome.com\/index.php\/wp-json\/wp\/v2\/media?parent=70305"}],"wp:term":[{"taxonomy":"product_brand","embeddable":true,"href":"https:\/\/urboowhome.com\/index.php\/wp-json\/wp\/v2\/product_brand?post=70305"},{"taxonomy":"product_cat","embeddable":true,"href":"https:\/\/urboowhome.com\/index.php\/wp-json\/wp\/v2\/product_cat?post=70305"},{"taxonomy":"product_tag","embeddable":true,"href":"https:\/\/urboowhome.com\/index.php\/wp-json\/wp\/v2\/product_tag?post=70305"}],"curies":[{"name":"wp","href":"https:\/\/api.w.org\/{rel}","templated":true}]}}