{"id":70542,"date":"2026-04-14T14:36:11","date_gmt":"2026-04-14T14:36:11","guid":{"rendered":"https:\/\/urboowhome.com\/index.php\/produto\/takai-30-pendant-beige\/"},"modified":"2026-04-14T15:19:35","modified_gmt":"2026-04-14T15:19:35","slug":"takai-30-pendant-beige","status":"publish","type":"product","link":"https:\/\/urboowhome.com\/index.php\/produto\/takai-30-pendant-beige\/","title":{"rendered":"Takai 30 | Pendant | Beige"},"content":{"rendered":"","protected":false},"excerpt":{"rendered":"<p>O pendente Takai, do Studio Mavro\/\/Lef\u00e8vre, de Sofie Lef\u00e8vre, possui uma grande c\u00fapula de tecido com um formato bel\u00edssimo que convida a ser apreciado de diversos \u00e2ngulos. A combina\u00e7\u00e3o da c\u00fapula de linho com a suspens\u00e3o de lat\u00e3o polido cria uma express\u00e3o de design suave e acolhedora.<\/p>\n","protected":false},"featured_media":70541,"comment_status":"open","ping_status":"closed","template":"","meta":[],"product_brand":[],"product_cat":[242,245,115],"product_tag":[],"class_list":{"0":"post-70542","1":"product","2":"type-product","3":"status-publish","4":"has-post-thumbnail","6":"product_cat-interior","7":"product_cat-novidades","8":"product_cat-pendentes","11":"first","12":"instock","13":"shipping-taxable","14":"purchasable","15":"product-type-simple"},"_links":{"self":[{"href":"https:\/\/urboowhome.com\/index.php\/wp-json\/wp\/v2\/product\/70542","targetHints":{"allow":["GET"]}}],"collection":[{"href":"https:\/\/urboowhome.com\/index.php\/wp-json\/wp\/v2\/product"}],"about":[{"href":"https:\/\/urboowhome.com\/index.php\/wp-json\/wp\/v2\/types\/product"}],"replies":[{"embeddable":true,"href":"https:\/\/urboowhome.com\/index.php\/wp-json\/wp\/v2\/comments?post=70542"}],"wp:featuredmedia":[{"embeddable":true,"href":"https:\/\/urboowhome.com\/index.php\/wp-json\/wp\/v2\/media\/70541"}],"wp:attachment":[{"href":"https:\/\/urboowhome.com\/index.php\/wp-json\/wp\/v2\/media?parent=70542"}],"wp:term":[{"taxonomy":"product_brand","embeddable":true,"href":"https:\/\/urboowhome.com\/index.php\/wp-json\/wp\/v2\/product_brand?post=70542"},{"taxonomy":"product_cat","embeddable":true,"href":"https:\/\/urboowhome.com\/index.php\/wp-json\/wp\/v2\/product_cat?post=70542"},{"taxonomy":"product_tag","embeddable":true,"href":"https:\/\/urboowhome.com\/index.php\/wp-json\/wp\/v2\/product_tag?post=70542"}],"curies":[{"name":"wp","href":"https:\/\/api.w.org\/{rel}","templated":true}]}}