{"id":70561,"date":"2026-04-14T14:37:17","date_gmt":"2026-04-14T14:37:17","guid":{"rendered":"https:\/\/urboowhome.com\/index.php\/produto\/makoto-wall-light-satin-chrome\/"},"modified":"2026-04-14T15:20:32","modified_gmt":"2026-04-14T15:20:32","slug":"makoto-wall-light-satin-chrome","status":"publish","type":"product","link":"https:\/\/urboowhome.com\/index.php\/produto\/makoto-wall-light-satin-chrome\/","title":{"rendered":"Makoto | Wall light | Satin chrome"},"content":{"rendered":"","protected":false},"excerpt":{"rendered":"<p>Makoto \u00e9 um candeeiro de parede elegante e minimalista, projetada pelo est\u00fadio dinamarqu\u00eas Nital Studio. A silhueta vertical minimalista possui acabamento em cromo acetinado \u2013 um tom quente de cromo escovado que adiciona uma suavidade sutil ao visual industrial. A cabe\u00e7a da l\u00e2mpada ajust\u00e1vel proporciona luz flex\u00edvel e direcionada, tornando Makoto ideal para leitura e trabalho.<\/p>\n","protected":false},"featured_media":70560,"comment_status":"open","ping_status":"closed","template":"","meta":[],"product_brand":[],"product_cat":[242,245,119],"product_tag":[],"class_list":{"0":"post-70561","1":"product","2":"type-product","3":"status-publish","4":"has-post-thumbnail","6":"product_cat-interior","7":"product_cat-novidades","8":"product_cat-parede","11":"first","12":"instock","13":"shipping-taxable","14":"purchasable","15":"product-type-simple"},"_links":{"self":[{"href":"https:\/\/urboowhome.com\/index.php\/wp-json\/wp\/v2\/product\/70561","targetHints":{"allow":["GET"]}}],"collection":[{"href":"https:\/\/urboowhome.com\/index.php\/wp-json\/wp\/v2\/product"}],"about":[{"href":"https:\/\/urboowhome.com\/index.php\/wp-json\/wp\/v2\/types\/product"}],"replies":[{"embeddable":true,"href":"https:\/\/urboowhome.com\/index.php\/wp-json\/wp\/v2\/comments?post=70561"}],"wp:featuredmedia":[{"embeddable":true,"href":"https:\/\/urboowhome.com\/index.php\/wp-json\/wp\/v2\/media\/70560"}],"wp:attachment":[{"href":"https:\/\/urboowhome.com\/index.php\/wp-json\/wp\/v2\/media?parent=70561"}],"wp:term":[{"taxonomy":"product_brand","embeddable":true,"href":"https:\/\/urboowhome.com\/index.php\/wp-json\/wp\/v2\/product_brand?post=70561"},{"taxonomy":"product_cat","embeddable":true,"href":"https:\/\/urboowhome.com\/index.php\/wp-json\/wp\/v2\/product_cat?post=70561"},{"taxonomy":"product_tag","embeddable":true,"href":"https:\/\/urboowhome.com\/index.php\/wp-json\/wp\/v2\/product_tag?post=70561"}],"curies":[{"name":"wp","href":"https:\/\/api.w.org\/{rel}","templated":true}]}}